
6
Let y be 3/12 - (-63)/4. Calculate the highest common factor of y and 40.
8
Let h(p) = p**2 + 6*p - 7. Let u be h(-7). Suppose 4*x = -2*i + 370, -3*x + 3*i + 26 + 229 = u. Calculate the highest common divisor of x and 18.
18
Let y(k) = 3*k - 17. Let g be y(14). Calculate the greatest common factor of 200 and g.
25
Let u be 3/((-21)/(-2)) + (-1560)/(-28). Let w(v) = v**3 - 10*v**2 + 10*v - 1. Let b be w(9). Calculate the highest common divisor of u and b.
8
Suppose -2*d - 20 = -3*d. What is the highest common divisor of d and 10?
10
Suppose 0*f + 3*f - 60 = 0. Calculate the highest common divisor of f and 140.
20
Suppose 2*l - 304 = -5*k - 74, -2*k - 4*l = -76. What is the greatest common factor of 72 and k?
24
Let b be (-49 + -2)*(-3)/9. Calculate the highest common factor of 136 and b.
17
Let o be (-6)/9 - 38/(-3). Suppose 0 = s - 5*d - o, d - 27 = -2*s - 2*s. Suppose 189 = 2*h + h. Calculate the greatest common factor of h and s.
7
Let t = 6 - -13. What is the greatest common factor of t and 19?
19
Let d(a) = -13*a - 4 - 4 - 11*a. Let g be d(-6). Calculate the highest common divisor of 17 and g.
17
Suppose p + 4*p - 5*z = 15, -3*p = 2*z - 24. Let q = p + -2. Let c = -2 + q. What is the highest common factor of c and 14?
2
Let u = 45 - 40. Calculate the greatest common divisor of 20 and u.
5
Suppose -2*m + 22 = -0*m. Let r = m - 7. Suppose -2*c + 4*v + 4 = 0, -c = -6*c + 2*v + 34. Calculate the highest common divisor of r and c.
4
Let f be 7/4 + 2/8. Suppose v - 13 = -5*t - 0, f*t + 4 = -5*v. Let u be ((-100)/8)/(1/v). What is the greatest common divisor of 5 and u?
5
Let v(t) = -t + 12. Let f be v(0). Let n = f + -7. What is the highest common factor of n and 15?
5
Let m be (-2 + (1 - 16))*1. Let c = -4 - m. Suppose 0*u - 5*u + 325 = 0. What is the highest common factor of u and c?
13
Suppose 5*d + 46 = 5*n - 14, -4*n + 35 = -3*d. Let y be d*(2*22)/(-4). Calculate the greatest common divisor of 13 and y.
13
Let q = 12 + -3. Let n(a) = -a**3 - 3*a**2 + 8*a + 3. Let y be (5/10)/((-1)/12). Let j be n(y). What is the greatest common factor of j and q?
9
Let m(k) = -9*k - 6. Let h be m(-4). What is the greatest common factor of 20 and h?
10
Suppose -21 = -5*p - 2*y, -4*p + 15 = -0*p + y. Suppose -p*i = 3 + 3. Let c be (15/(-1))/(i - -1). What is the greatest common divisor of c and 105?
15
Let w = 14 + -16. Let d be -15*w/2 - 2. Calculate the greatest common factor of d and 39.
13
Let j(z) = 14*z**2 - 12*z + 11. Let n(f) = 9*f**2 - 8*f + 7. Let x(m) = -5*j(m) + 8*n(m). Let a be x(4). What is the greatest common factor of 153 and a?
17
Let r = 7 + -5. Let g(y) = y**3 - 3*y**3 - 3*y**r + 2 + 3*y + 0*y**3. Let j be g(-3). Calculate the greatest common divisor of j and 5.
5
Let j(d) = 4*d**2 + 1. Let z be j(1). What is the highest common divisor of 10 and z?
5
Let i(u) = -3*u + 2. Let h be i(-10). Calculate the highest common factor of 256 and h.
32
Let u(s) = -s**3 + 3*s**2 + s + 2. Let o be ((-32)/20)/(-2)*-5. Let b be u(o). What is the highest common divisor of b and 44?
22
Let x(u) = -17*u**3 + u. Let v be x(-1). Let s = 37 - -4. Let g = 57 - s. Calculate the greatest common factor of g and v.
16
Let i = -84 - -168. What is the highest common factor of i and 56?
28
Let o(d) = 25*d - 12. Let a be o(9). Suppose -172 = -5*j + a. Let h(t) = t + 5. Let b be h(6). What is the highest common divisor of b and j?
11
Let p(f) = f**3 - 4*f**2 - 4*f - 3. Let d be p(5). Suppose -5*t + 24 = j - 81, t - d*j - 32 = 0. Calculate the greatest common divisor of 55 and t.
11
Suppose 2*b + 96 = 6*b. Let m = b + -19. What is the greatest common factor of m and 40?
5
Let m be 15*((-8)/(-6))/4. What is the highest common factor of m and 45?
5
Let l be ((-16)/20)/((-4)/(-10)). Let h be (-1)/(-2) + (-29)/l. Calculate the highest common divisor of 15 and h.
15
Suppose 176*n = 179*n - 78. What is the greatest common factor of n and 208?
26
Suppose -25 = -l - 4*l. Suppose 51 = l*a - 169. Calculate the highest common factor of 22 and a.
22
Let k be (33/(-22))/((-1)/4). What is the greatest common factor of k and 2?
2
Let j(g) = -g**3 + 9*g**2 - 7*g - 5. Let q be j(7). What is the highest common factor of q and 11?
11
Suppose 0 = 2*h - 6*h + 32. What is the highest common factor of 8 and h?
8
Let b be 5*-7*12/15. Let t = b - -64. Calculate the highest common divisor of 12 and t.
12
Let g = 4 - 3. Let n(j) = 5*j - 1. Let c be n(g). Let l = 50 + -46. What is the highest common factor of c and l?
4
Let o(h) = -h**2 - 13*h + 1. Let g be o(-14). Let p(y) = -3*y - 18. Let c be p(g). What is the greatest common factor of c and 21?
21
Suppose 0 = -3*m + 5*m - 30. Let v(h) = 4*h**2 + 3*h + 5. Let z be v(5). Calculate the highest common factor of m and z.
15
Suppose 0*r = q + r, 0 = 5*q - 2*r - 28. Calculate the highest common divisor of 20 and q.
4
Suppose 2*p = 5 + 3. Let m be 2 + -2 + 8/2. Calculate the greatest common divisor of p and m.
4
Let u be 2/(-8) - (-5388)/48. What is the highest common divisor of u and 16?
16
Let f(n) = n**3 - n + 2. Let g be f(0). Let h be (65/(-13))/(1/(-1)). Suppose -5*i = 20, -h*m - 4*i = -35 + 11. What is the highest common divisor of g and m?
2
Let b(z) = 2*z**2 - 9*z - 11. Let a be b(6). Let h(n) = 9*n**3 - n**2 - 3*n + 1. Let k be h(2). What is the greatest common factor of k and a?
7
Let u(f) = -f**3 + 5*f**2 + f + 3. Let v be u(5). Calculate the greatest common factor of 32 and v.
8
Let c(t) = -t**2 - 8*t - 1. Let x be c(-7). Suppose 4*v = -0*v - 4*i + 4, -2*i - 4 = v. What is the greatest common divisor of v and x?
6
Suppose 2*y = -4*r + 100, 5*r = -0*y - 3*y + 145. What is the greatest common divisor of y and 8?
8
Let h(k) = 35*k**2 + 2*k - 1. Let t be h(1). What is the greatest common factor of t and 396?
36
Let x(k) = k**3 + 6*k**2 + 4*k + 2. Let z be x(-4). Let g be (2/4)/(3/270). What is the greatest common factor of g and z?
9
Let z(g) = -g**3 + 6*g**2 - 7*g + 4. Let h be z(4). Let f be h/(1 - 2/4). Let c = -133 + 197. What is the highest common divisor of c and f?
16
Let d be (3/(-4)*-2)/(81/594). What is the highest common divisor of 55 and d?
11
Suppose 0 = 2*r + s - 37 - 14, r + 3*s - 33 = 0. Let x be ((-1)/(-2))/(1/32). What is the highest common divisor of r and x?
8
Let d(y) = -y**3 - 5*y**2 - 7*y - 4. Let c be d(-4). Let m be (-60)/(-16) + 2/8. Calculate the highest common factor of m and c.
4
Suppose 0 = -2*h + 4*f + 164, -3*f = -6*h + 5*h + 77. What is the greatest common divisor of 69 and h?
23
Let s(y) = 4*y**3 - 3*y**2 + 4*y - 4. Let q be s(2). What is the greatest common divisor of 12 and q?
12
Suppose 2*q + 10 = 4. Let s be ((-23)/q)/((-5)/(-105)). What is the greatest common divisor of 23 and s?
23
Suppose -4*g - 3 + 59 = 0. Calculate the greatest common divisor of g and 56.
14
Let o(r) = -6*r**3 + 2*r**2 + r - 6. Let u be o(4). Let a(s) = s + 2. Let k be a(3). Let g be 1/k - u/30. What is the greatest common factor of 6 and g?
6
Suppose 0*a = 5*a - 3*j + 6, 3*j = 6. Let l be 9 - (0 - a)/4. What is the greatest common divisor of 63 and l?
9
Suppose -4*g - 10 + 150 = 0. What is the highest common divisor of 315 and g?
35
Let g(w) = -w - 3. Suppose -3 - 1 = k. Let b be g(k). What is the highest common divisor of 4 and b?
1
Let v = 1 + 4. Let z be (-27)/(-5) + 6/(-15). Suppose -5*a - 45 = -4*u, 70 = z*u + v*a - 20. Calculate the greatest common divisor of u and 120.
15
Let w be ((-54)/21)/(6/(-42)). What is the highest common divisor of w and 6?
6
Let c = 5 - 4. Suppose -2*d + 7 = c. Let y = -42 - -63. What is the greatest common factor of d and y?
3
Let z(t) = 5*t - 1. Let h be z(1). Suppose -h*s = -s. Suppose -72 = -2*d - 3*w, -48 = -s*d - 2*d + 3*w. What is the highest common factor of d and 10?
10
Let f = 80 - 20. What is the highest common factor of 6 and f?
6
Let a = 57 + -41. Calculate the highest common divisor of a and 112.
16
Let z(w) = 3*w - 3. Let k be z(-4). Let l = -14 - k. What is the highest common divisor of l and 4?
1
Let j be 45*((-8)/3 - -3). Calculate the greatest common factor of j and 15.
15
Suppose -3*c + c = -324. Suppose -2*u = -4*u + c. Suppose 2*m - u - 47 = 0. Calculate the highest common factor of m and 16.
16
Let t = -16 + 106. Suppose 7*x = 2*x + t. What is the greatest common factor of 